7. What is the tens digit of a?
6
Let j(h) = -18*h**3 + 4*h**2 - 4*h - 8. What is the hundreds digit of j(-2)?
1
Suppose 3*w + 4*p = 4889, 3*w + 5*p - 2989 = 1902. What is the hundreds digit of w?
6
Suppose -17*c = -15*c + 76. Let y = 156 - c. What is the hundreds digit of y?
1
Suppose -y + 0 = -p - 11, -5*y = 4*p - 10. Suppose -3*g - 15 = -y*g. Suppose 0 = g*z - 44 - 66. What is the tens digit of z?
2
Let q(t) = -t - 8. Suppose -2*p + 8*p + 60 = 0. Let y be q(p). Suppose 2*u + 6*h = y*h + 134, 2*u - h = 129. What is the tens digit of u?
6
Let l = 8 + 181. What is the units digit of l?
9
Suppose 0 = -4*s + s + 180. Let x be ((-4)/8)/(2/(-12)). Suppose 2*n + x*n - s = 0. What is the tens digit of n?
1
Let d(l) = 13*l**2 - 16*l - 47. What is the thousands digit of d(13)?
1
Let u(c) = c**2 - 5*c. Let r be u(5). Suppose 6*p - 3*p + b - 126 = 0, r = 2*p - 2*b - 84. What is the units digit of p?
2
Let w be (-3)/((-115)/25 + 4). Suppose k + y = 104, w*y - 169 = -3*k + 149. What is the units digit of k?
1
Suppose -3*c + 15 = 0, -2*z + 4*z + 17 = 5*c. Suppose 3*f = -o + 84, -z*f + o + 102 = -o. Let j = f + -6. What is the tens digit of j?
2
Suppose 0 = -4*f + 1226 + 1430. Suppose -96 = -a - 4*w, 5*a = -w - 108 + f. What is the tens digit of a?
1
Suppose -4*o + 608 = 4*o. Let d = o - 41. What is the units digit of d?
5
Let k = -8 + 10. Suppose k*b - b = c, 3*c + 4*b = -35. What is the tens digit of c - -4 - 22/(-1)?
2
Let i be (6 + -7)*(-25)/(-1). Let g = -22 - i. Suppose -g*y - 22 = -2*p, 0*p = 2*p + 2*y - 42. What is the tens digit of p?
1
Let i(s) = -30*s. Let c be i(-3). Suppose r = -2*r + c. What is the tens digit of r?
3
Let u = 1377 + -912. What is the hundreds digit of u?
4
What is the units digit of 264 - (-10)/(10/3)?
7
Let p = 3167 - 1743. Suppose -509 = 15*b - p. What is the units digit of b?
1
Let d(i) = 2*i - i**3 + 3*i + 2*i - 4*i + 2*i**2 - 3. Let q be d(2). Suppose -3*c + 72 = q*u, 2*c - 26 = -5*u + 22. What is the tens digit of c?
2
Let p be 18*2*(-3)/12. Let o = -9 + p. Let s = 0 - o. What is the units digit of s?
8
Suppose -2998 = -3*z - 4*j, 1668 + 331 = 2*z + 3*j. What is the units digit of z?
8
Suppose -3*y - 2878 = -5*w, 5*y + 3 + 2 = 0. What is the hundreds digit of w?
5
Let k(n) be the first derivative of 3*n**2 + 3*n - 1. Let l be k(4). Suppose z = -2*v + 31, -z + 34 = -4*v - l. What is the units digit of z?
1
Let m(u) be the second derivative of 3*u**2 + 7/12*u**4 - 4*u + 0 + 2/3*u**3. What is the tens digit of m(-3)?
5
Let g(m) = -m**3 - 7*m**2 - 11*m. Let o be g(-5). Suppose -11 + 51 = o*y. What is the units digit of y?
8
Suppose 3*l - 6 = 0, 2*h = 2*l + 3*l - 14. Let m be h/2 + 90 + -1. What is the units digit of m/12 + (-1)/3?
7
Let q = 2308 - 1578. What is the tens digit of q?
3
Let p = -11 - -18. Suppose 9 = p*l - 6*l. What is the units digit of (l/6)/((-1)/(-2))?
3
Let x = -549 + 4767. What is the hundreds digit of x?
2
Suppose 2*n = -5*k + 37, 2*k = -4 + 2. What is the units digit of 47*5*n/35?
1
Let s be ((-4)/(-3))/(2/6). Suppose -s*g + 332 = 2*w - 4*w, -5*g - 4*w + 389 = 0. What is the units digit of ((-12)/(-3))/(6/g)?
4
Let j = -89 + 91. Suppose 0 = -4*u + j*k + 321 + 253, -5*u - 4*k + 711 = 0. What is the hundreds digit of u?
1
Let v(u) be the third derivative of u**6/120 - u**5/4 - 2*u**4/3 + u**3/2 + 4*u**2. What is the units digit of v(16)?
3
Let d be 0*(-2 + 9/6). Suppose d = 7*l - 8*l + 29. What is the units digit of l?
9
Let t(d) = 62*d + 120. What is the units digit of t(4)?
8
Let z = 2234 - 1466. What is the tens digit of z?
6
Let x = 16 - 8. Suppose 1 = 5*q + z, -4*z = -q + x + 9. Let d = q - 0. What is the units digit of d?
1
Let s(x) = -2*x**3 - 9*x**2 - 8*x + 7. What is the thousands digit of s(-11)?
1
Let h(b) = 3*b**2 + 2*b - 9. What is the units digit of h(-6)?
7
Let l(f) = f**2 + 8. Let a be l(6). Let x = a + -30. What is the units digit of (-36)/21*x/(-4)?
6
Suppose -4*q + 23 = -p, -4*q + 10 = -2*p - 16. Suppose 4*g = -4, -g - 4*g + 10 = q*z. Let d(c) = c**3 + 2*c**2 + 2*c + 1. What is the units digit of d(z)?
2
Let v = 2914 - 381. What is the thousands digit of v?
2
Let c(s) = s**3 + s**2 + 14*s + 10. What is the thousands digit of c(10)?
1
Let z = 42 - 22. Suppose -4*a = a - 60. Let x = z - a. What is the units digit of x?
8
Let x(g) be the second derivative of g**5/20 + 7*g**4/12 - 3*g**3/2 - 3*g**2 - 4*g. Let v be x(-8). Let p = v + 40. What is the units digit of p?
2
Suppose 4*h + 375 = 9*h. Let s = -25 + h. What is the units digit of s?
0
Let o = -1428 + 3234. What is the thousands digit of o?
1
Suppose 2*z - 431 = -2*y + 91, -762 = -3*y + 4*z. What is the hundreds digit of y?
2
Suppose 6*r = -392 + 2858. What is the hundreds digit of r?
4
Suppose 727 = v - 5*w, v - 46 - 682 = 4*w. What is the units digit of v?
2
Let z = 2887 + -1579. What is the units digit of z?
8
Let l = -126 - -126. Suppose -5*m + 503 = 5*s - 822, -m + 4*s + 280 = l. What is the units digit of m?
8
Suppose 2*l = -s + 200, -3*s - 54*l + 624 = -56*l. Let x = 1 + 4. Suppose -4*i + s = -2*m + x*m, 4*m - 108 = -2*i. What is the units digit of i?
0
Let g = -14 + 19. Suppose 2*w - m = -13 - 43, -g*w - m = 140. What is the units digit of 2/6 - w/6?
5
Suppose -7090 = -6*l - 4*l. What is the units digit of l?
9
Suppose -70 = 4*a - 9*a. Let x be (36/a)/((-3)/(-14)). Let y = -2 + x. What is the units digit of y?
0
Let p(a) = -a**2 - 4*a. Let u be p(-2). Suppose -3*c - 99 = -3*x, -5*x + 3*x - u*c = -78. What is the tens digit of x?
3
Let x(b) = 9*b**2 - 2*b - 7. What is the units digit of x(-6)?
9
Let d be 0 - (-5 - -7) - -74. Suppose -3*y + d = -15. What is the tens digit of y?
2
Let g be 4/(16/(-12)) - -6. Suppose 0 = g*s - 3*n - 33 - 186, 0 = -2*n + 6. Let d = s - 24. What is the tens digit of d?
5
Suppose 2*g = -4*u - 40 - 16, 3*g = -u - 79. Let x = 22 + g. What is the tens digit of (1479/68)/((-3)/x)?
2
Suppose 0 = -4*z - 12, 5*j + 131 = -z + 898. What is the units digit of j?
4
Suppose 5*o = 80 + 65. Let u = o - 13. What is the tens digit of u/(1 - 0/2)?
1
Suppose 25 = 5*m + 4*q, -5*m + 35 = 3*q + 10. Suppose -m*s = -b - 361, 2*b = s + 2*s - 211. What is the units digit of s?
3
Let t be 165/(-12) + 1/(-4). Let u = -9 - t. Suppose 5*z = -4*s + 124, 42 = 2*z - s - u. What is the tens digit of z?
2
Suppose 2*v + 20 = 4*v. Suppose -70 = -12*a + v*a. What is the units digit of a?
5
Suppose 0 = 2*d + 92. Let l = -26 - d. What is the tens digit of l?
2
Let d(x) = -86*x**3 - 2*x**2 + 1. Let o be d(1). Let j = 42 - o. What is the tens digit of j?
2
Suppose 14 + 2 = -4*l. Let p be (21 - 25) + l/(-2). What is the tens digit of 32 + (-3 + 5)/p?
3
What is the tens digit of 2/((-1362)/171 + 8)?
5
Suppose 4*r + c = 96, -r - 4*c - 30 = -3*r. Let f = r - 34. What is the units digit of ((-6)/5)/(f/55)?
6
Let s(g) = 1 + 4*g + 1 - 5*g. Let m be (-1 - (4 + -3)) + 0. What is the units digit of s(m)?
4
Suppose 1265*t = 1243*t + 46838. What is the tens digit of t?
2
Suppose -1 = -4*p + 3*p. Let f = p + 5. What is the tens digit of 57/f*(-3 + 5)?
1
Suppose p - 4 = -2. Suppose 0 = -0*s - p*s + 2. Let q = 1 + s. What is the units digit of q?
2
Let m(n) = -n**2 + 25*n + 16. What is the units digit of m(23)?
2
Suppose -77*o = -87*o + 3070. What is the hundreds digit of o?
3
Let n = -59 - -143. What is the tens digit of n?
8
What is the units digit of (-144)/(-96)*350/3?
5
Let r be ((-3)/(-1))/(3/(-4)). What is the units digit of 20/(r + -1) - -89?
5
Suppose -m + 2*m = -q, -2*m + 2*q = 4. Let w(j) be the third derivative of 11*j**5/30 + j**4/24 + j**3/6 - j**2 + 75. What is the units digit of w(m)?
2
Let n(j) = j**3 - 2*j**2 + j + 1. What is the units digit of n(1)?
1
Let p be (-4)/(-26) - ((-11)/13 - -1). Let i(o) = 27 - 4*o**3 + 2*o**3 + o + 3*o**3 + o**2. What is the units digit of i(p)?
7
Suppose 2*n + 1 = n, 4*n + 2 = -d. Suppose -d*v + 5*p - 30 = 0, -v - p - 1 = -0*p. What is the units digit of 25 - 0/(v - -2)?
5
Let h(b) = 10*b**3 - 2*b**2 - b + 4. Let y be h(2). Suppose 391 - y = 5*k + 3*n, 1 = -n. What is the units digit of k?
4
What is the hundreds digit of ((-5)/3)/((-5)/4200)?
4
Let i(q) = -540*q + 8. What is the hundreds digit of i(-1)?
5
Let t(a) be the second derivative of -5*a**3/3 + 3*a**2 - 2*a. What is the tens digit of t(-4)?
4
Le